
Calculate the highest common divisor of 158 and 10493807.
79
Calculate the greatest common divisor of 36089 and 906.
151
What is the greatest common divisor of 270 and 464346?
54
What is the highest common divisor of 1583964 and 828?
828
Calculate the highest common divisor of 748 and 306.
34
What is the greatest common divisor of 34 and 227?
1
Calculate the greatest common factor of 840195 and 90.
45
What is the greatest common divisor of 54999 and 18624?
291
What is the greatest common factor of 203 and 2807287?
203
What is the highest common divisor of 14337 and 17877?
177
Calculate the highest common factor of 759 and 4968.
69
Calculate the highest common factor of 2 and 18344.
2
Calculate the greatest common divisor of 33 and 2148.
3
Calculate the highest common divisor of 2694648 and 11.
11
Calculate the highest common divisor of 128 and 2904.
8
Calculate the greatest common divisor of 24 and 603300.
12
Calculate the highest common factor of 46269 and 5238.
873
Calculate the highest common divisor of 508642 and 18373.
967
What is the greatest common divisor of 576 and 1044?
36
What is the highest common divisor of 701120 and 1456?
112
Calculate the highest common divisor of 6606 and 7173.
9
Calculate the greatest common factor of 1400 and 18984.
56
Calculate the highest common divisor of 51 and 557617.
17
What is the highest common factor of 953 and 1264631?
953
What is the highest common factor of 19019 and 5369?
91
What is the greatest common factor of 205389 and 54?
27
What is the highest common factor of 871 and 63985?
67
What is the greatest common factor of 612 and 34357?
17
Calculate the greatest common factor of 139 and 181673.
139
Calculate the highest common factor of 2230 and 185.
5
Calculate the greatest common divisor of 428 and 117058.
214
What is the greatest common factor of 33800 and 12000?
200
What is the greatest common factor of 54 and 214947?
27
Calculate the highest common factor of 94790 and 150.
10
What is the highest common divisor of 502200 and 4340?
620
Calculate the greatest common divisor of 144 and 51.
3
Calculate the greatest common factor of 3951 and 235743.
1317
What is the highest common divisor of 78629 and 3965?
61
What is the greatest common divisor of 112 and 36896?
16
Calculate the highest common divisor of 18830 and 7.
7
Calculate the highest common factor of 2517 and 15.
3
Calculate the highest common divisor of 7 and 184751.
7
What is the greatest common divisor of 2072 and 8554?
14
Calculate the greatest common divisor of 3978 and 519350.
442
Calculate the greatest common divisor of 24178 and 8512.
14
Calculate the highest common factor of 741 and 54663.
57
What is the highest common divisor of 5540 and 500?
20
Calculate the greatest common factor of 13 and 45351.
1
What is the highest common divisor of 539 and 156163?
49
What is the highest common divisor of 62 and 219046?
62
What is the highest common factor of 60256 and 269?
269
What is the highest common factor of 855 and 193895?
95
Calculate the highest common divisor of 23 and 723327.
23
What is the highest common divisor of 4 and 711572?
4
Calculate the highest common factor of 183 and 1265628.
183
Calculate the highest common factor of 46 and 18446.
46
What is the highest common factor of 4448 and 10981?
139
Calculate the highest common divisor of 14035 and 35.
35
What is the greatest common factor of 696 and 1576266?
174
Calculate the greatest common factor of 13100 and 200.
100
What is the highest common divisor of 106785 and 210?
105
What is the highest common factor of 1617 and 1053206?
539
Calculate the greatest common divisor of 16 and 1163504.
16
Calculate the greatest common divisor of 3322 and 16761.
151
What is the highest common factor of 148352 and 30400?
1216
What is the greatest common divisor of 757857 and 145?
29
What is the highest common factor of 210740 and 164?
164
Calculate the greatest common divisor of 396 and 7.
1
Calculate the highest common divisor of 5977 and 5633.
43
Calculate the highest common factor of 354059 and 2118.
353
What is the highest common divisor of 740 and 1380?
20
What is the greatest common factor of 1264 and 8592?
16
Calculate the greatest common factor of 95010 and 480.
30
Calculate the highest common factor of 152 and 3629.
19
Calculate the highest common divisor of 2224650 and 150.
150
Calculate the greatest common factor of 74208 and 84.
12
What is the highest common divisor of 58 and 81519?
29
What is the highest common divisor of 11831480 and 40?
40
What is the greatest common divisor of 8 and 1112928?
8
Calculate the highest common factor of 89646 and 97674.
1338
What is the greatest common divisor of 781 and 1826759?
781
Calculate the highest common factor of 16 and 239072.
16
Calculate the greatest common factor of 192 and 35472.
48
Calculate the highest common factor of 31 and 256277.
31
Calculate the highest common factor of 77651 and 14.
7
What is the highest common divisor of 355508 and 18941?
1457
What is the highest common factor of 3524 and 318041?
881
What is the highest common divisor of 1233280 and 320?
320
Calculate the highest common factor of 207 and 5154507.
207
What is the greatest common factor of 813670 and 31864?
1138
Calculate the highest common factor of 118547 and 26.
13
Calculate the greatest common divisor of 28 and 35524.
4
Calculate the greatest common factor of 183864 and 32712.
1128
What is the highest common divisor of 26316 and 17?
17
What is the greatest common factor of 48 and 792912?
48
What is the highest common factor of 413471 and 46?
23
What is the greatest common factor of 8 and 1739372?
4
Calculate the highest common factor of 10885 and 595.
35
What is the greatest common factor of 2156 and 43316?
196
What is the highest common divisor of 25551 and 6579?
153
What is the greatest common factor of 356095 and 8015?
1145
What is the greatest common divisor of 210 and 13810?
10
Calculate the highest common factor of 44264 and 54648.
88
What is the highest common divisor of 6662616 and 769?
769
Calculate the highest common factor of 2617353 and 972.
243
Calculate the highest common factor of 812490 and 90.
30
Calculate the greatest common factor of 2426 and 62.
2
What is the greatest common factor of 30190 and 10?
10
What is the highest common divisor of 501760 and 294?
98
Calculate the greatest common factor of 27 and 16659.
27
Calculate the greatest common divisor of 257 and 92263.
257
Calculate the highest common factor of 250 and 1159625.
125
What is the greatest common factor of 88 and 2216?
8
Calculate the highest common factor of 48 and 1255648.
16
Calculate the greatest common factor of 2 and 2388.
2
Calculate the greatest common factor of 297 and 5181.
33
What is the highest common factor of 116 and 2726?
58
What is the greatest common divisor of 468 and 20664?
36
What is the highest common factor of 22057 and 575?
23
What is the greatest common divisor of 2850893 and 454?
227
Calculate the greatest common divisor of 915586 and 85.
17
Calculate the greatest common factor of 15067 and 16055.
247
What is the highest common divisor of 199034 and 44737?
913
What is the greatest common factor of 14 and 268?
2
What is the greatest common factor of 14290 and 20?
10
Calculate the highest common factor of 11990 and 110.
110
What is the greatest common factor of 195652 and 205?
41
Calculate the highest common factor of 69 and 437621.
23
Calculate the greatest common divisor of 24 and 47416.
8
What is the greatest common factor of 42 and 336014?
14
Calculate the highest common divisor of 4972 and 319.
11
Calculate the greatest common divisor of 2 and 1733.
1
Calculate the greatest common factor of 18 and 125826.
6
What is the highest common divisor of 16 and 278128?
16
What is the greatest common divisor of 20020 and 22484?
308
What is the highest common factor of 768 and 147504?
48
What is the greatest common divisor of 3596880 and 3360?
1680
Calculate the highest common factor of 2960 and 5332440.
1480
Calculate the greatest common divisor of 3956 and 1253880.
172
What is the greatest common factor of 655 and 25021?
131
What is the highest common divisor of 31552 and 1392?
464
What is the highest common factor of 193 and 4683531?
193
Calculate th